dreds digit of h(2)?
8
Suppose -4*c + 5*p - 5693 = 0, 0 = 10*c - 5*c + 4*p + 7106. Let w = -704 - c. What is the units digit of w?
8
Suppose 0 = -8*z + 4*z + 5*l + 13, 0 = 2*z - 2*l - 8. Let d(m) be the first derivative of m**3 + 15*m**2/2 - 45*m + 57. What is the units digit of d(z)?
7
Let l(z) = 2*z**2 + 47*z - 24. Let k be l(-24). Suppose -a + k*h + 269 = 3*h, 2*h = 5*a - 1311. What is the tens digit of a?
6
Suppose 13*t - 15*t = -d + 16, -5*d + 50 = -4*t. What is the units digit of (-5 + d)*(1 - -1603)?
4
Suppose l - 18940 = -v, -l + 4*v = -3*l + 37882. What is the ten thousands digit of l?
1
Suppose -6076 = -0*w - 2*w + 1040. What is the thousands digit of w?
3
Let x(z) = z**3 - 2*z**2 + 52*z - 418. What is the units digit of x(38)?
2
Let j = 71 + -74. Let x be 0/(j + -1 + 3). Suppose 0 = -x*b - 3*b - 12, 0 = 4*l + 3*b - 412. What is the units digit of l?
6
Let s be 8/(-6)*((-35)/10 + 2). Let d be s/(-2)*-5*1. Suppose -7 - 618 = -d*n. What is the units digit of n?
5
Suppose 206*k - 134579 = -68964 + 1163999. What is the thousands digit of k?
5
Suppose -585*z + 588*z = 6. Suppose 1060 - 958 = z*b. What is the tens digit of b?
5
Let l(m) = -m**3 - 25*m**2 - 24*m + 2. Let c be l(-24). What is the tens digit of 363/c - 18/12?
8
Let k = -12628 + 19106. What is the units digit of k?
8
Let w(s) = 23*s - 62. Let d be w(9). Let a = 1194 - d. What is the hundreds digit of a?
0
Let i(z) = z**3 - 3*z**2 + z + 1. Let g be i(1). Suppose 5*m - 5*b - 1730 = 0, 4*b - 8 = -g. What is the hundreds digit of m?
3
Let l(o) = -1937*o - 3. Let f be l(-1). Suppose 8*i - 4330 = f. What is the units digit of i?
3
Let x(l) = -1 - 12*l**2 - 9*l**2 + 15*l + 20*l**2. What is the units digit of x(12)?
5
Suppose -4*i - 1590 = -9*i. Suppose 22*r + 2 = 46. Suppose 0 = n + r*n - i. What is the hundreds digit of n?
1
What is the hundreds digit of (-35 + 656400/16)*(-2 - -4)?
9
Suppose -23*v + 134833 + 71316 = 0. What is the thousands digit of v?
8
What is the hundreds digit of (-1197)/(-532)*11788/3?
8
Let w = -132 + 122. What is the hundreds digit of (-4626)/w - (-5 - (-69)/15)?
4
Let c = 125 + -215. Let a = c + 190. Suppose 140 = 5*y + a. What is the units digit of y?
8
Let f(c) = -c**3 + 2*c**2 - 4*c + 5. Let s = -62 + 64. Let k be f(s). What is the tens digit of -2*(k + (-267)/6)?
9
Let b(u) = -u**3 + 31*u + 21. Let c = -714 + 708. What is the tens digit of b(c)?
5
Let o be 14/(224/(-444))*-1920. Suppose -o = -2*n - 38*n. What is the tens digit of n?
3
Suppose 4*v - 5*r - 15839 = 5089, r = -5*v + 26131. What is the hundreds digit of v?
2
Suppose -4*s = 5*d - 58229, -10 = 4*s + 6. What is the units digit of d?
9
Suppose 27*h + 102 = 29*h. Let j be (2758/35)/(h/15 - 3). Suppose -3*k = -3*t - k + j, -t - k + 69 = 0. What is the units digit of t?
7
Suppose 3*t + 8*i - 6141 = 2484, -2*i + 2873 = t. What is the tens digit of t?
6
Let a(z) = -24*z**3 + z**2. Let t be a(-1). Let f(j) = -j + 34. Let k be f(t). Suppose 1644 = 3*w + k*w. What is the units digit of w?
7
Let z(x) = 6*x**3 - 6*x**2 + 7*x + 11. Let f = 229 - 224. What is the hundreds digit of z(f)?
6
What is the tens digit of (-159 + 155)*5246/(-8)?
2
Let q(r) = -9*r**3 - 76 + 45*r**3 - 19*r**3 - 30*r**2 - 27*r - 16*r**3. What is the units digit of q(31)?
8
Suppose l + 2 = i + 4, 0 = -5*l - i + 22. Suppose -4*x - l*o - 2 + 14 = 0, -5*x + o = -33. Suppose x*f - 160 = 2*f. What is the units digit of f?
0
Suppose -2*q - 5 - 3 = -3*w, -2*w = 4*q - 16. What is the hundreds digit of 715 + (9 - 5) - w?
7
Let c = 39 + -24. Suppose -c*m + 17*m = 8. Suppose -386 = -m*w + 2*w. What is the units digit of w?
3
Suppose -7*a = -8*a - 59. Let z be (-3788)/156*3 - 2/13. Let v = a - z. What is the tens digit of v?
1
Let r be (-1)/(-2) + ((-4686)/(-12))/11. Let x = 427 + r. What is the units digit of x?
3
Let o be (-4)/(-12)*-9*173. Let x = 1709 - 2489. Let c = o - x. What is the hundreds digit of c?
2
Let f = 16786 - 11063. What is the units digit of f?
3
Let t = 1 + 1. Let u be 7/(-8)*6*(10 + t). Let p = 8 - u. What is the units digit of p?
1
What is the thousands digit of (27174/49)/((21/98)/1)?
2
Suppose -20*n - 5*m + 225267 = -16*n, -3*n + 168933 = -2*m. What is the tens digit of n?
1
Let x(y) = -11*y + 71. Suppose 0 = -10*z + 17*z + 70. What is the tens digit of x(z)?
8
Suppose -4*o + 13*r = 12*r - 25775, 3*r = -5*o + 32223. What is the hundreds digit of o?
4
What is the ten thousands digit of (-16528 - (-27)/(-18)*-10)/(1/(-2))?
3
Let b(p) = -153*p - 3. Let n(t) = 3*t**2 - t. Let z be n(1). Let g(r) = 76*r + 1. Let v(i) = z*b(i) + 5*g(i). What is the units digit of v(1)?
3
Suppose n - 4*n - 30 = 0. Let b(o) be the second derivative of -o**3/2 + 15*o**2 + 259*o - 1. What is the units digit of b(n)?
0
Suppose -2*q - 40 = -4*a, 3*a - 2*q - 16 = 3*q. Suppose -2*z - 10 = 0, -z + a = -g - 3*z. What is the units digit of (4/g)/(4/(-14) - 0)?
7
Suppose -l + 107 = -b, 5*b - 8*l + 565 = -9*l. What is the units digit of (-7)/b*4*7188?
7
Suppose -7*n + 41418 - 28734 = 0. What is the units digit of n?
2
Let o be (-88)/6 + 60/(-180). Let a = 244 + o. What is the tens digit of a?
2
Let p(j) = -53*j + 15. Let y be p(-11). Let k be 0 - (10/45 - 1534/18). Suppose -y + k = -9*u. What is the units digit of u?
7
Suppose -2*l - 544 = -2*n, -n = 2*l - 378 + 118. Let p = 4617 - 4617. Suppose -4*h = -v - p*v - n, -3*h - v = -194. What is the units digit of h?
6
Suppose -5*k = 4*f, -3*k = -4*f - f. Let u(r) = 133 - 3*r - 2*r + 0*r + 6*r. What is the units digit of u(k)?
3
Suppose 2*u + k = 6*k + 19, -3*k + 63 = 5*u. Let g(b) be the third derivative of b**4/12 + 7*b**3/3 - 4*b**2. What is the units digit of g(u)?
8
Let l(d) = 44*d**2 - 1. Let z be l(1). Suppose z*c - 95 = 38*c. Suppose -53 = -4*x + c. What is the units digit of x?
8
Let j(h) = 2*h**2 + 31*h - 549. What is the hundreds digit of j(51)?
2
Let n = -30 + 30. Suppose 2*v + n*v = 4. Suppose -20 = -4*i, 0*i = -v*p - i + 195. What is the tens digit of p?
9
Suppose -4*a + j + 1636 = 307, 0 = -5*a - 3*j + 1657. Suppose 4*l = -s + 727, 0 = 5*s - l - 3862 + a. What is the units digit of s?
7
Suppose 8*w - 2*b = 4*w + 4, -1 = -w + 3*b. Suppose 6*a - 17 - w = 0. What is the hundreds digit of a/(-8) - (-8215)/40?
2
Let q = 59308 - 32665. What is the hundreds digit of q?
6
Suppose 256 = 3*d - 68. Let w = d - 8. What is the units digit of w?
0
Let j(y) be the first derivative of 4*y**3 - 19*y**2/2 - y + 265. What is the tens digit of j(5)?
0
Suppose -6 = 3*d, -3 - 17 = -3*p - 5*d. Let q = p - 8. Suppose 3*a - 4*m = 52, 0 = -q*a - 5*m + m + 48. What is the tens digit of a?
2
Suppose 0*h - 82 = 2*h. Let q = 44 + h. Suppose 5*v - 1060 = -5*c, -q*c - v - v + 632 = 0. What is the hundreds digit of c?
2
Let n(f) = f**3 - 4*f**2 - 5*f + 1. Let d be n(4). Suppose 3*k + 22 = -2*c + 149, 0 = -4*c - k + 269. Let h = c + d. What is the tens digit of h?
4
Let h(o) = -1422*o**3 + 35*o**2 + 108*o - 4. What is the tens digit of h(-3)?
8
Let d be (5*1 + 0)*1. Suppose l - 316*i + 315*i = 162, i + 324 = 2*l. Suppose d*x - l = 3*x. What is the tens digit of x?
8
What is the hundreds digit of 1/(3*(-11)/(-231726))?
0
Suppose 5*a - 16044 = 3*j, 8*a - 5*a - 5*j = 9620. Let t = a + -1889. What is the hundreds digit of t?
3
Suppose 0 = -11*q + 39*q - 140392. What is the thousands digit of q?
5
Let l(v) = 960*v**2 - 54*v + 99. What is the thousands digit of l(2)?
3
What is the units digit of (-44252)/(-6)*(-42)/(-28)?
3
Let m be 8/2*9/12. Let t(j) = -15 - 2*j + 14 - 2*j**2 + 14*j**3 + 6*j**2 - 6*j**m. What is the tens digit of t(2)?
7
Suppose 5*v = -1 + 61. Suppose 2 = -r + c, 4*r - v = -3*c + 2*c. Suppose 0 = n + r*n - 387. What is the tens digit of n?
2
Suppose 3*c = 179673 - 3885. What is the ten thousands digit of c?
5
Suppose 12*h - 64919 = -c + 11*h, h + 64901 = c. What is the thousands digit of c?
4
Let r be -3 - (-2)/((-4)/10). What is the units digit of (r/(-3))/(2/96)?
8
Let u(k) = 485*k - 208. What is the hundreds digit of u(17)?
0
Let q = 8955 + -1138. What is the thousands digit of q?
7
Let i be (-18)/(-7) - 384/672. Let y(a) = 214*a**2 - 21*a. What is the tens digit of y(i)?
1
Suppose -120*y - 23 = -112*y - 79. Let l(n) = 11*n**2. Let p be l(1). Suppose y*t - p = 1361. What is the units digit of t?
6
Let h = 481 + 